{"id":6238,"date":"2019-02-04T16:43:50","date_gmt":"2019-02-04T21:43:50","guid":{"rendered":"https:\/\/www.birds.cornell.edu\/home\/?page_id=6238"},"modified":"2023-01-31T15:48:09","modified_gmt":"2023-01-31T20:48:09","slug":"former-postdoctoral-fellows","status":"publish","type":"page","link":"https:\/\/www.birds.cornell.edu\/home\/former-postdoctoral-fellows\/","title":{"rendered":"Former Postdoctoral Fellows"},"content":{"rendered":"\n<figure class=\"wp-block-image alignright size-full featured\"><img loading=\"lazy\" decoding=\"async\" width=\"800\" height=\"599\" src=\"https:\/\/www.birds.cornell.edu\/home\/wp-content\/uploads\/2019\/02\/Daniella-Luciana.jpg\" alt=\"Luciana Andrade and Daniela Hedwig at Omaha\u2019s Henry Doorly Zoo. Photo courtesy of Luciana Andrade\/BRP blog https:\/\/www.birds.cornell.edu\/brp\/4th-international-symposium-on-acoustic-communication-by-animals\/\" class=\"wp-image-6323\" srcset=\"https:\/\/www.birds.cornell.edu\/home\/wp-content\/uploads\/2019\/02\/Daniella-Luciana.jpg 800w, https:\/\/www.birds.cornell.edu\/home\/wp-content\/uploads\/2019\/02\/Daniella-Luciana-720x539.jpg 720w, https:\/\/www.birds.cornell.edu\/home\/wp-content\/uploads\/2019\/02\/Daniella-Luciana-768x575.jpg 768w, https:\/\/www.birds.cornell.edu\/home\/wp-content\/uploads\/2019\/02\/Daniella-Luciana-480x359.jpg 480w\" sizes=\"auto, (max-width: 800px) 100vw, 800px\" \/><figcaption class=\"wp-element-caption\"><em>Photo courtesy of  <a href=\"https:\/\/www.birds.cornell.edu\/brp\/4th-international-symposium-on-acoustic-communication-by-animals\/\">Luciana Andrade\/BRP<\/a>.<\/em><\/figcaption><\/figure>\n\n\n\n<div class=\"wp-block-group sidebar-alignright has-lightgray-background-color has-background order-bottom is-layout-flow wp-block-group-is-layout-flow\">\n<h2 class=\"wp-block-heading\">Quick Links<\/h2>\n\n\n\n<ul class=\"wp-block-list\">\n<li><a href=\"https:\/\/www.birds.cornell.edu\/home\/about\/programs\/\">Cornell Lab programs<\/a><\/li>\n\n\n\n<li><a href=\"https:\/\/www.birds.cornell.edu\/home\/staff-directory\/#researchers\">Lab researchers<\/a><\/li>\n<\/ul>\n<\/div>\n\n\n\n<h2 class=\"has-small-font-size wp-block-heading\">\u00c7a\u011flar Ak\u00e7ay (2011\u20132013)<\/h2>\n\n\n\n<p>Research focus: Behavioral ecology of western bluebirds (specifically, vocal communication, kin and individual recognition)<br>Affiliated Lab program: Citizen Science<br><a href=\"http:\/\/caglarakcay.wordpress.com\/\">Website<\/a><\/p>\n\n\n\n<h2 class=\"has-small-font-size wp-block-heading\">Marcelo Araya-Salas (2016-2018)<\/h2>\n\n\n\n<p>Research focus: Role of social learning in shaping vocal signals at different evolutionary scales<br>Affiliated Lab program: Macaulay Library<br><a href=\"https:\/\/marceloarayasalas.weebly.com\/\">Website<\/a><\/p>\n\n\n\n<h2 class=\"has-small-font-size wp-block-heading\">Brian Barringer (2011\u20132012)<\/h2>\n\n\n\n<p>Research focus: Oak Ecology<br>Affiliated Lab program: Bird Population Studies<br><a href=\"https:\/\/sites.google.com\/site\/drbriancbarringer\/\">Website<\/a><\/p>\n\n\n\n<h2 class=\"has-small-font-size wp-block-heading\">Lilly Briggs (2016-2019)<\/h2>\n\n\n\n<p>Research focus: Environmental Education &amp; Citizen Science<br>Affiliated Lab program: Education &amp; Citizen Science<br><a href=\"https:\/\/fincacantaros.com\/\">Finca C\u00e1ntaros<\/a><br><a href=\"https:\/\/vimeo.com\/396319999\">The Children\u2019s Forest of Coto Brus<\/a><\/p>\n\n\n\n<h2 class=\"has-small-font-size wp-block-heading\">Mike Burns (2019-2022)<\/h2>\n\n\n\n<p>Research focus: <br>Affiliated Lab program: Evolutionary Biology<br><a href=\"https:\/\/michaeldavidburns.weebly.com\/\">Website<\/a><\/p>\n\n\n\n<h2 class=\"has-small-font-size wp-block-heading\">Leonardo Campagna (2013\u20132016)<\/h2>\n\n\n\n<p>Research focus: Processes that generate and maintain avian biodiversity<br>Affiliate Lab program: Evolutionary Biology<br><a href=\"https:\/\/www.birds.cornell.edu\/home\/staff\/leonardo-campagna\/\">View in Staff Directory<\/a><br><a href=\"http:\/\/leonardocampagna.weebly.com\/\">Research website<\/a><\/p>\n\n\n\n<h2 class=\"has-small-font-size wp-block-heading\">Matt Carling (2008\u20132011)<\/h2>\n\n\n\n<p>Research focus: genomics of avian hybridization<br>Affiliated Lab program: Evolutionary Biology<br><a href=\"http:\/\/carlinglab.com\/\">Website<\/a><\/p>\n\n\n\n<h2 class=\"has-small-font-size wp-block-heading\">Nancy Chen (2014\u20132015)<\/h2>\n\n\n\n<p>Research focus: population genomics, quantitative genetics, conservation genomics<br>Affiliated Lab program:&nbsp;Evolutionary Biology<br><a href=\"https:\/\/popgenchenlab.github.io\/\">Website<\/a><\/p>\n\n\n\n<h2 class=\"has-small-font-size wp-block-heading\">Aur\u00e9lie Coulon (2006\u20132008)<\/h2>\n\n\n\n<p>Research focus: Landscape Genetics and Conservation<br>Affiliated Lab program: Evolutionary Biology<br><a href=\"http:\/\/aureliecoulon.net\/\">Website<\/a><\/p>\n\n\n\n<h2 class=\"has-small-font-size wp-block-heading\">Dolly Crawford (2010\u20132012)<\/h2>\n\n\n\n<p>Research focus: Conservation and management of the Golden-winged Warbler<br>Affiliated program : Conservation Science<br><a href=\"https:\/\/www.ashland.edu\/cas\/faculty-staff\/dr-dolly-crawford\">Website<\/a><\/p>\n\n\n\n<h2 class=\"has-small-font-size wp-block-heading\">Anastasia Dalziell (2014\u20132017)<\/h2>\n\n\n\n<p>Research focus: The function and evolution of integrated song and dance displays in the Superb Lyrebird.<br>Affiliated Lab program: Macaulay Library<br><a href=\"http:\/\/www.anastasiadalziell.com\/profile.html\">Website<\/a><\/p>\n\n\n\n<h2 class=\"has-small-font-size wp-block-heading\">Ashley Dayer (2013\u20132015)<\/h2>\n\n\n\n<p>Research focus: conservation social science and private lands<br>Affiliated Lab program: Conservation Science<br><a href=\"http:\/\/www.ashleydayer.com\/\">Website<\/a><\/p>\n\n\n\n<h2 class=\"has-small-font-size wp-block-heading\">Roi Dor (2008\u20132011)<\/h2>\n\n\n\n<p>Research focus: avian phylogenomics and adaptation<br>Affiliated Lab program: Evolutionary Biology<br><a href=\"http:\/\/roidorlab.weebly.com\/\">Website<\/a><\/p>\n\n\n\n<h2 class=\"has-small-font-size wp-block-heading\">Jen\u00e9lle Dowling (2015\u20132016)<\/h2>\n\n\n\n<p>Research focus: Evolution of avian vocal communication in response to social and physical environment.<br>Affiliate Lab program: Bioacoustics<br><a href=\"http:\/\/www.jenelledowling.com\/\">Website<\/a><\/p>\n\n\n\n<h2 class=\"has-small-font-size wp-block-heading\">Elise Ferree (2007\u20132010)<\/h2>\n\n\n\n<p>Research focus: Breeding behavior in Western Bluebirds<br>Affiliated Lab program: Janis Dickinson and Evolutionary Biology<br><a href=\"http:\/\/faculty.jsd.claremont.edu\/eferree\/Welcome.html\">Website<\/a><\/p>\n\n\n\n<h2 class=\"has-small-font-size wp-block-heading\">Alexandra Class Freeman (2014\u20132016)<\/h2>\n\n\n\n<p>Research focus: Developing materials to educate, pique interest, and advocate for active public participation in bird conservation.<br>Affiliate Lab program: Education<\/p>\n\n\n\n<h2 class=\"has-small-font-size wp-block-heading\">Ryan Germain (2017-2019)<\/h2>\n\n\n\n<p>Research focus: Sexual selection, environmental variation, breeding ecology<br>Affiliated Lab program: Macaulay Library<br><a href=\"http:\/\/ryanrgermain.wixsite.com\/ecol-evol\">Website<\/a><\/p>\n\n\n\n<h2 class=\"has-small-font-size wp-block-heading\">Camila Gomez (2018-2021)<\/h2>\n\n\n\n<p>Research focus: <br>Affiliated Lab program: Avian Population Studies<br><a href=\"http:\/\/www.selva.org.co\/\" data-type=\"URL\" data-id=\"http:\/\/www.selva.org.co\/\">SELVA<\/a><\/p>\n\n\n\n<h2 class=\"has-small-font-size wp-block-heading\">Emma Grieg (2010\u20132013)<\/h2>\n\n\n\n<p>Research focus: Behavioral ecology, acoustic communication, evolution<br>Affiliated Lab program: Macaulay Library<br><a href=\"https:\/\/www.birds.cornell.edu\/home\/staff\/emma-greig\/\">View in Staff Directory<\/a><br><a href=\"https:\/\/sites.google.com\/site\/emmagreighome\/\">Website<\/a><\/p>\n\n\n\n<h2 class=\"has-small-font-size wp-block-heading\">Stephanie Harris (2021-2022)<\/h2>\n\n\n\n<p>Research focus: <br>Affiliated Lab program: Avian Population Studies<br><a href=\"https:\/\/harrismstephanie9.wixsite.com\/site\">Website<\/a><\/p>\n\n\n\n<h2 class=\"has-small-font-size wp-block-heading\">Daniela Hedwig (2016\u20132018)<\/h2>\n\n\n\n<p>Research focus: Using passive acoustic monitoring to investigate elephant abundance and activity; develop a warning system to mitigate human-elephant conflict and support anti-poaching patrols; investigate the function of forest elephant vocalizations<br>Affiliated Lab Program: Elephant Listening Project<\/p>\n\n\n\n<h2 class=\"has-small-font-size wp-block-heading\">Daniel Hooper (2017-2019)<\/h2>\n\n\n\n<p>Research focus: Avian speciation and sex chromosome evolution<br>Affiliated Lab program: Fuller Evolutionary Biology Program<br><a href=\"http:\/\/www.danielmarchooper.com\">Website<\/a><\/p>\n\n\n\n<h2 class=\"has-small-font-size wp-block-heading\">Kyle Horton (2017-2019)<\/h2>\n\n\n\n<p>Research focus: Radar ornithology<br>Affiliated Lab program: Information Science\/BirdCast<br><a href=\"https:\/\/aeroecolab.com\">Website<\/a><\/p>\n\n\n\n<h2 class=\"has-small-font-size wp-block-heading\">Allison Injaian (2018\u20132020)<\/h2>\n\n\n\n<p>Research focus: Impacts of noise and light pollution on avian behavior and physiology<br>Affiliated Lab program: Conservation Bioacoustics<br><a href=\"https:\/\/www.ecology.uga.edu\/directory\/allison-injaian\/\">Website<\/a><\/p>\n\n\n\n<h2 class=\"has-small-font-size wp-block-heading\">Alison Johnston (2013\u20132014)<\/h2>\n\n\n\n<p>Research focus: Developing and applying statistical models to large-scale ecological patterns using eBird data<br>Affiliated Lab program: Information Science\/eBird<br><a href=\"https:\/\/www.conservation.cam.ac.uk\/directory\/dr-alison-johnston\">Website<\/a><\/p>\n\n\n\n<h2 class=\"has-small-font-size wp-block-heading\">Sara Kaiser (2013\u20132014)<\/h2>\n\n\n\n<p>Research focus: Ecological and evolutionary implications of behavior<br>Affiliated program: Macaulay Library<br><a href=\"http:\/\/www.sarakaiser.com\/\">Website<\/a><\/p>\n\n\n\n<h2 class=\"has-small-font-size wp-block-heading\">Lincoln Larson (2012\u20132014)<\/h2>\n\n\n\n<p>Research focus: Human dimensions of natural resource management<br>Affiliated Lab program: Bird Population Studies<br><a href=\"https:\/\/www.researchgate.net\/profile\/Lincoln_Larson\">ResearchGate profile<\/a><\/p>\n\n\n\n<h2 class=\"has-small-font-size wp-block-heading\">Alexander Lees (2015\u20132016)<\/h2>\n\n\n\n<p>Research focus: Patterns of taxonomic, phylogenetic, and functional diversity and establishment of conservation priorities throughout the Amazon basin.<br>Affiliated Lab program: Conservation Science<br><a href=\"https:\/\/www.freewebs.com\/alexlees\/\">Website<\/a><\/p>\n\n\n\n<h2 class=\"has-small-font-size wp-block-heading\">Russell Ligon (2015\u20132020)<\/h2>\n\n\n\n<p>Research focus: Evolutionary elaboration of ornamentation in the birds-of-paradise<br>Affiliated Lab program: Macaulay Library<br><a href=\"http:\/\/russellligon.wixsite.com\/russell-ligon\">Website<\/a><\/p>\n\n\n\n<h2 class=\"has-small-font-size wp-block-heading\">Victoria (Vicki) Martin (2017-2019)<\/h2>\n\n\n\n<p>Research focus: Environmental social science, science communication, citizen science, human behavior<br>Affiliated Lab program: Citizen Science<br><a href=\"https:\/\/bit.ly\/vymartin\">Website<\/a><\/p>\n\n\n\n<h2 class=\"has-small-font-size wp-block-heading\">Sabrina McNew (2018-2022)<\/h2>\n\n\n\n<p>Research focus: <br>Affiliated Lab program: Fuller Evolutionary Biology Program<br><a href=\"https:\/\/www.sabrinamcnew.com\/\">Website<\/a><\/p>\n\n\n\n<h2 class=\"has-small-font-size wp-block-heading\">Eliot Miller (2016\u20132018)<\/h2>\n\n\n\n<p>Research focus: Foraging behavior, patterns of diversification, and adaptations to novel environment<br>Affiliated Lab program: Citizen Science<br><a href=\"https:\/\/www.birds.cornell.edu\/home\/staff\/eliot-miller\/\">View in Staff Directory<\/a><br><a href=\"http:\/\/eliotmiller.weebly.com\">Research website<\/a><\/p>\n\n\n\n<h2 class=\"has-small-font-size wp-block-heading\">Bret Pasch (2014\u20132016)<\/h2>\n\n\n\n<p>Research focus: Ecology and mechanisms of animal acoustic communication<br>Affiliated Lab program: Macaulay Library<br><a href=\"https:\/\/nau.edu\/cefns\/natsci\/biology\/faculty-staff\/faculty-pages\/bret-pasch\/\">Website<\/a><\/p>\n","protected":false},"excerpt":{"rendered":"<p>Quick Links \u00c7a\u011flar Ak\u00e7ay (2011\u20132013) Research focus: Behavioral ecology of western bluebirds (specifically, vocal communication, kin and individual recognition)Affiliated Lab program: Citizen ScienceWebsite Marcelo Araya-Salas (2016-2018) Research focus: Role of<a class=\"excerpt-read-more\" href=\"https:\/\/www.birds.cornell.edu\/home\/former-postdoctoral-fellows\/\" title=\"ReadFormer Postdoctoral Fellows\">&#8230; Read more &raquo;<\/a><\/p>\n","protected":false},"author":2,"featured_media":6323,"parent":0,"menu_order":0,"comment_status":"closed","ping_status":"closed","template":"","meta":{"_tec_requires_first_save":true,"_birdpress_hero_toggle":false,"_birdpress_hero_type":"image","_birdpress_hero_image_type":"image","_birdpress_hero_style":"default","_birdpress_hero_ratio":"","_birdpress_hero_h1":"","_birdpress_hero_media_id":0,"_birdpress_hero_media_array_id":[],"_birdpress_hero_media_array":[],"_birdpress_hero_media":0,"_birdpress_hero_video_id":0,"_birdpress_hero_video":0,"_birdpress_hero_youtube":"","_birdpress_hero_content":true,"_birdpress_hero_byline":"","_birdpress_hero_byline_bottom":"","_birdpress_hero_button_link":"","_birdpress_hero_button_text":"","_birdpress_hero_button_color":"","_birdpress_hero_date":false,"original_guid":"","_birdpress_hide_search":false,"_birdpress_page_width":"","_birdpress_global_cta":false,"_birdpress_widget_sidebar":"","_birdpress_next_article":0,"_birdpress_next_article_title":"","_birdpress_prev_article":0,"_birdpress_prev_article_title":"","_birdpress_sub_navigation_id":112,"_birdpress_sub_navigation":"Postdoctoral Scholars Program","_birdpress_sub_navigation_title":false,"_birdpress_anchor_navigation_id":0,"_birdpress_anchor_navigation":"","_birdpress_postType":"both","_birdpress_categoryID":0,"_birdpress_tagID":0,"_birdpress_parentPostID":0,"_birdpress_parentPostTitle":"","_birdpress_menuID":0,"_birdpress_menuName":"","_birdpress_listHeader":"","_birdpress_listLayout":"card-display","_birdpress_listColumns":"","_birdpress_maxItems":12,"_birdpress_listPaginate":true,"_birdpress_displaySort":true,"_birdpress_sortOrder":"DESC","_birdpress_sortBy":"date","_birdpress_listID":"","_birdpress_listClass":"","_birdpress_displayImages":true,"_birdpress_displayCaptions":false,"_birdpress_displayExcerpts":false,"_birdpress_attTop":"","_birdpress_attBottom":"","_birdpress_showLogos":false,"_birdpress_post_logo":0,"_EventAllDay":false,"_EventTimezone":"","_EventStartDate":"","_EventEndDate":"","_EventStartDateUTC":"","_EventEndDateUTC":"","_EventShowMap":false,"_EventShowMapLink":false,"_EventURL":"","_EventCost":"","_EventCostDescription":"","_EventCurrencySymbol":"","_EventCurrencyCode":"","_EventCurrencyPosition":"","_EventDateTimeSeparator":"","_EventTimeRangeSeparator":"","_EventOrganizerID":[],"_EventVenueID":[],"_OrganizerEmail":"","_OrganizerPhone":"","_OrganizerWebsite":"","_VenueAddress":"","_VenueCity":"","_VenueCountry":"","_VenueProvince":"","_VenueState":"","_VenueZip":"","_VenuePhone":"","_VenueURL":"","_VenueStateProvince":"","_VenueLat":"","_VenueLng":"","_VenueShowMap":false,"_VenueShowMapLink":false,"_tribe_blocks_recurrence_rules":"","_tribe_blocks_recurrence_description":"","_tribe_blocks_recurrence_exclusions":"","footnotes":""},"class_list":["post-6238","page","type-page","status-publish","has-post-thumbnail","hentry"],"_links":{"self":[{"href":"https:\/\/www.birds.cornell.edu\/home\/wp-json\/wp\/v2\/pages\/6238","targetHints":{"allow":["GET"]}}],"collection":[{"href":"https:\/\/www.birds.cornell.edu\/home\/wp-json\/wp\/v2\/pages"}],"about":[{"href":"https:\/\/www.birds.cornell.edu\/home\/wp-json\/wp\/v2\/types\/page"}],"author":[{"embeddable":true,"href":"https:\/\/www.birds.cornell.edu\/home\/wp-json\/wp\/v2\/users\/2"}],"replies":[{"embeddable":true,"href":"https:\/\/www.birds.cornell.edu\/home\/wp-json\/wp\/v2\/comments?post=6238"}],"version-history":[{"count":0,"href":"https:\/\/www.birds.cornell.edu\/home\/wp-json\/wp\/v2\/pages\/6238\/revisions"}],"wp:featuredmedia":[{"embeddable":true,"href":"https:\/\/www.birds.cornell.edu\/home\/wp-json\/wp\/v2\/media\/6323"}],"wp:attachment":[{"href":"https:\/\/www.birds.cornell.edu\/home\/wp-json\/wp\/v2\/media?parent=6238"}],"curies":[{"name":"wp","href":"https:\/\/api.w.org\/{rel}","templated":true}]}}